3, 7, 19, 3579613
What are the prime factors of 3506601665?
5, 7, 1429, 70111
List the prime factors of 98108154.
2, 3, 181, 30113
List the prime factors of 4245751114.
2, 11, 43, 857, 5237
What are the prime factors of 1752677769?
3, 331, 1765033
What are the prime factors of 28363398?
2, 3, 7, 675319
List the prime factors of 77542463.
919, 84377
What are the prime factors of 2229137189?
17, 131125717
List the prime factors of 821889897.
3, 19, 1783, 8087
What are the prime factors of 4248682?
2, 89, 23869
What are the prime factors of 4733109?
3, 19, 89, 311
List the prime factors of 48867902.
2, 24433951
What are the prime factors of 667038592?
2, 11, 227, 2087
List the prime factors of 32696051.
32696051
What are the prime factors of 119262961?
119262961
What are the prime factors of 4917073?
7, 702439
What are the prime factors of 871845454?
2, 435922727
List the prime factors of 33708517.
37, 43, 21187
What are the prime factors of 1066072051?
11, 31, 53, 61, 967
List the prime factors of 568600689.
3, 47, 443, 9103
List the prime factors of 91375080.
2, 3, 5, 761459
What are the prime factors of 228510681?
3, 7, 23, 191, 2477
List the prime factors of 32785737.
3, 37, 43, 6869
List the prime factors of 26747893.
26747893
List the prime factors of 1320004427.
7, 2099, 89839
What are the prime factors of 145785508?
2, 11, 911, 3637
List the prime factors of 166331033.
11, 15121003
What are the prime factors of 65673352?
2, 163, 50363
List the prime factors of 97051980.
2, 3, 5, 17, 29, 193
What are the prime factors of 57547558?
2, 28773779
What are the prime factors of 97061377?
7, 13865911
What are the prime factors of 122482786?
2, 271, 225983
What are the prime factors of 837012234?
2, 3, 179, 779341
What are the prime factors of 63966617?
11, 13, 447319
What are the prime factors of 28343972?
2, 19, 149, 2503
List the prime factors of 90314577.
3, 43, 233371
What are the prime factors of 6959571?
3, 727, 3191
List the prime factors of 2355210752.
2, 4600021
List the prime factors of 28727148.
2, 3, 2393929
What are the prime factors of 781891958?
2, 139, 461, 6101
List the prime factors of 1819462566.
2, 3, 303243761
List the prime factors of 171308810.
2, 5, 17130881
What are the prime factors of 2185087?
269, 8123
List the prime factors of 6601002.
2, 3, 1100167
What are the prime factors of 71396840?
2, 5, 29, 61, 1009
List the prime factors of 226876354.
2, 523, 216899
List the prime factors of 899066669.
899066669
List the prime factors of 205194699.
3, 19, 1199969
What are the prime factors of 1331977923?
3, 59, 2508433
What are the prime factors of 653966890?
2, 5, 19, 3441931
What are the prime factors of 3037088055?
3, 5, 202472537
What are the prime factors of 819398764?
2, 204849691
What are the prime factors of 96706859?
96706859
What are the prime factors of 109101245?
5, 11, 31, 61, 1049
What are the prime factors of 124303019?
29, 4286311
What are the prime factors of 747526464?
2, 3, 463, 2803
What are the prime factors of 135896827?
11, 17, 79, 9199
What are the prime factors of 29689084?
2, 41, 181031
What are the prime factors of 33550520?
2, 5, 17, 49339
What are the prime factors of 2439097680?
2, 3, 5, 103, 98669
What are the prime factors of 520107377?
4651, 111827
What are the prime factors of 1376664671?
3701, 371971
What are the prime factors of 83036724?
2, 3, 31, 223217
What are the prime factors of 982229013?
3, 251, 434807
List the prime factors of 133300448.
2, 733, 5683
What are the prime factors of 866988772?
2, 13, 19, 23, 38153
List the prime factors of 1789010167.
7, 255572881
List the prime factors of 85770943.
85770943
What are the prime factors of 1043200564?
2, 7, 1787, 20849
List the prime factors of 228372568.
2, 79, 361349
List the prime factors of 95417339.
37, 2578847
What are the prime factors of 437912725?
5, 17516509
List the prime factors of 1799682776.
2, 224960347
List the prime factors of 101504702.
2, 13, 439, 8893
What are the prime factors of 1255197542?
2, 13553, 46307
List the prime factors of 292530423.
3, 97510141
List the prime factors of 3075496277.
7, 37, 47, 317, 797
What are the prime factors of 134429071?
7, 47, 89, 4591
List the prime factors of 14903427.
3, 7, 11, 149, 433
List the prime factors of 660012382.
2, 31, 1709, 6229
What are the prime factors of 44242025?
5, 1223, 1447
What are the prime factors of 3321145450?
2, 5, 7, 9488987
List the prime factors of 1294358457.
3, 7, 37, 1665841
List the prime factors of 37723872.
2, 3, 392957
What are the prime factors of 172334638?
2, 7, 61, 201797
List the prime factors of 719927244.
2, 3, 107, 62299
List the prime factors of 59456477.
59456477
List the prime factors of 422748696.
2, 3, 1097, 16057
What are the prime factors of 467130601?
7, 66732943
What are the prime factors of 488865071?
31, 15769841
What are the prime factors of 24948555?
3, 5, 29, 83, 691
List the prime factors of 41294798.
2, 23, 1697
List the prime factors of 1037150134.
2, 5303, 97789
What are the prime factors of 89947100?
2, 5, 83, 10837
List the prime factors of 30902273.
30902273
What are the prime factors of 509256850?
2, 5, 10185137
What are the prime factors of 104683716?
2, 3, 2907881
What are the prime factors of 149787560?
2, 5, 13, 288053
List the prime factors of 641697808.
2, 37, 1083949
What are the prime factors of 322161802?
2, 137, 157, 7489
What are the prime factors of 6028675754?
2, 3014337877
List the prime factors of 1867365296.
2, 19, 6142649
What are the prime factors of 133083404?
2, 33270851
List the prime factors of 6993787092.
2, 3, 582815591
What are the prime factors of 624803077?
1453, 430009
What are the prime factors of 139556844?
2, 3, 7, 43, 53
What are the prime factors of 217197222?
2, 3, 11, 31, 83, 1279
What are the prime factors of 70335877?
70335877
What are the prime factors of 460784606?
2, 37, 61, 102079
What are the prime factors of 151642039?
967, 156817
What are the prime factors of 4981881588?
2, 3, 97, 4279967
What are the prime factors of 22832373?
3, 659, 11549
What are the prime factors of 100183?
100183
List the prime factors of 942422044.
2, 53, 4445387
What are the prime factors of 119606868?
2, 3, 311, 1187
List the prime factors of 2598617777.
7, 371231111
What are the prime factors of 6474661?
23, 89, 3163
What are the prime factors of 432084513?
3, 7, 1637, 12569
What are the prime factors of 39374794?
2, 19687397
What are the prime factors of 201584365?
5, 29, 653, 2129
What are the prime factors of 109154524?
2, 67, 6079
List the prime factors of 99293520.
2, 3, 5, 79, 5237
List the prime factors of 2072943276.
2, 3, 127, 653, 2083
What are the prime factors of 27165499?
431, 63029
List the prime factors of 723778221.
3, 101, 113, 21139
List the prime factors of 785860156.
2, 17, 11556767
What are the prime factors of 93225186?
2, 3, 89, 58193
List the prime factors of 276978700.
2, 5, 2769787
List the prime factors of 708634079.
101, 7016179
List the prime factors of 202383569.
202383569
What are the prime factors of 1499269327?
1499269327
List the prime factors of 419488850.
2, 5, 11, 69337
What are the prime factors of 3999153718?
2, 7, 1103, 36997
List the prime factors of 2084863997.
2084863997
List the prime factors of 7770772.
2, 19, 59, 1733
List the prime factors of 43909668.
2, 3, 11, 23, 1607
List the prime factors of 51308216.
2, 23, 278849
What are the prime factors of 507204133?
507204133
List the prime factors of 4446287.
1171, 3797
List the prime factors of 80367144.
2, 3, 11, 13, 23417
What are the prime factors of 109235554?
2, 54617777
What are the prime factors of 58752421?
7, 13, 92233
What are the prime factors of 17353776?
2, 3, 11, 23, 1429
What are the prime factors of 72491665?
5, 14498333
List the prime factors of 878139378.
2, 3, 19, 43, 211, 283
What are the prime factors of 24027790?
2, 5, 31, 77509
List the prime factors of 154546517.
9787, 15791
List the prime factors of 1376322646.
2, 19, 71, 510127
What are the prime factors of 2905922910?
2, 3, 5, 11, 8805827
List the prime factors of 882658533.
3, 257, 1144823
What are the prime factors of 1298382701?
7, 11, 17, 991889
List the prime factors of 17832061.
13, 23, 2593
List the prime factors of